?
830
What is the remainder when 4134 is divided by 4097?
37
What is the remainder when 56979 is divided by 588?
531
Calculate the remainder when 138428 is divided by 336.
332
What is the remainder when 2147 is divided by 50?
47
Calculate the remainder when 804 is divided by 8.
4
What is the remainder when 2005 is divided by 1924?
81
What is the remainder when 27426 is divided by 139?
43
Calculate the remainder when 308804 is divided by 72.
68
Calculate the remainder when 62446 is divided by 8.
6
What is the remainder when 6667 is divided by 1501?
663
Calculate the remainder when 155209 is divided by 269.
265
What is the remainder when 2135 is divided by 994?
147
What is the remainder when 64585 is divided by 64569?
16
Calculate the remainder when 54997 is divided by 519.
502
What is the remainder when 12964 is divided by 1297?
1291
What is the remainder when 14277 is divided by 14260?
17
Calculate the remainder when 2065 is divided by 47.
44
What is the remainder when 682 is divided by 174?
160
What is the remainder when 96259 is divided by 9?
4
What is the remainder when 7209 is divided by 59?
11
What is the remainder when 124447 is divided by 18?
13
What is the remainder when 165720 is divided by 37?
34
What is the remainder when 2994 is divided by 18?
6
Calculate the remainder when 1924 is divided by 70.
34
Calculate the remainder when 4422 is divided by 184.
6
What is the remainder when 272954 is divided by 50?
4
Calculate the remainder when 6186 is divided by 17.
15
Calculate the remainder when 39902 is divided by 19941.
20
What is the remainder when 602 is divided by 281?
40
Calculate the remainder when 18157 is divided by 4365.
697
Calculate the remainder when 2371 is divided by 116.
51
Calculate the remainder when 58192 is divided by 61.
59
What is the remainder when 23581 is divided by 223?
166
What is the remainder when 2259 is divided by 103?
96
What is the remainder when 806990 is divided by 351?
41
Calculate the remainder when 7651 is divided by 1902.
43
What is the remainder when 4598 is divided by 20?
18
What is the remainder when 61107 is divided by 237?
198
Calculate the remainder when 10003 is divided by 164.
163
Calculate the remainder when 54519 is divided by 18172.
3
Calculate the remainder when 3106 is divided by 31.
6
Calculate the remainder when 16202 is divided by 1077.
47
Calculate the remainder when 34052 is divided by 812.
760
Calculate the remainder when 10730 is divided by 3560.
50
Calculate the remainder when 7826 is divided by 205.
36
What is the remainder when 199017 is divided by 483?
21
Calculate the remainder when 2248517 is divided by 2352.
5
What is the remainder when 9051 is divided by 7776?
1275
What is the remainder when 8094 is divided by 2019?
18
Calculate the remainder when 12904 is divided by 3725.
1729
What is the remainder when 2314617 is divided by 315?
312
What is the remainder when 240 is divided by 27?
24
What is the remainder when 1022 is divided by 32?
30
Calculate the remainder when 18208 is divided by 135.
118
What is the remainder when 115859 is divided by 1587?
8
Calculate the remainder when 2470 is divided by 39.
13
Calculate the remainder when 12466 is divided by 341.
190
What is the remainder when 30910 is divided by 15450?
10
Calculate the remainder when 3517 is divided by 3431.
86
Calculate the remainder when 3808 is divided by 3571.
237
What is the remainder when 5550 is divided by 2755?
40
Calculate the remainder when 40359 is divided by 469.
25
Calculate the remainder when 13819 is divided by 46.
19
Calculate the remainder when 3238 is divided by 102.
76
Calculate the remainder when 7348 is divided by 1884.
1696
Calculate the remainder when 47158 is divided by 347.
313
Calculate the remainder when 3093 is divided by 603.
78
Calculate the remainder when 61437 is divided by 238.
33
Calculate the remainder when 23797 is divided by 34.
31
What is the remainder when 27995 is divided by 13994?
7
Calculate the remainder when 213420 is divided by 71124.
48
Calculate the remainder when 4442 is divided by 77.
53
What is the remainder when 2192 is divided by 183?
179
Calculate the remainder when 35497 is divided by 1548.
1441
Calculate the remainder when 42398 is divided by 4709.
17
What is the remainder when 2838 is divided by 201?
24
Calculate the remainder when 2106 is divided by 573.
387
What is the remainder when 13082 is divided by 1456?
1434
What is the remainder when 106346 is divided by 1381?
9
What is the remainder when 4851 is divided by 249?
120
Calculate the remainder when 1145121 is divided by 461.
458
What is the remainder when 132368 is divided by 31?
29
What is the remainder when 16139 is divided by 2292?
95
What is the remainder when 417 is divided by 369?
48
What is the remainder when 1001 is divided by 75?
26
Calculate the remainder when 6335 is divided by 1663.
1346
What is the remainder when 373743 is divided by 124570?
33
What is the remainder when 2683 is divided by 653?
71
What is the remainder when 567 is divided by 66?
39
Calculate the remainder when 10982 is divided by 2117.
397
What is the remainder when 284993 is divided by 639?
638
What is the remainder when 103886 is divided by 228?
146
What is the remainder when 12173 is divided by 1153?
643
Calculate the remainder when 515 is divided by 52.
47
Calculate the remainder when 3513 is divided by 3495.
18
What is the remainder when 20029 is divided by 211?
195
Calculate the remainder when 2589 is divided by 519.
513
What is the remainder when 7487 is divided by 7476?
11
What is the remainder when 3141 is divided by 1033?
42
Calculate the remainder when 371825 is divided by 95.
90
Calculate the remainder when 41197 is divided by 931.
233
What is the remainder when 1114597 is divided by 51?
43
What is the remainder when 5851 is divided by 835?
6
Calculate the remainder when 6220 is divided by 3091.
38
What is the remainder when 11717 is divided by 239?
6
Calculate the remainder when 57649 is divided by 497.
494
Calculate the remainder when 668731 is divided by 54.
49
What is the remainder when 3208 is divided by 19?
16
What is the remainder when 5890 is divided by 219?
196
Calculate the remainder when 6246 is divided by 143.
97
Calculate the remainder when 75237 is divided by 362.
303
What is the remainder when 21546 is divided by 437?
133
Calculate the remainder when 292219 is divided by 14.
11
Calculate the remainder when 1899 is divided by 405.
279
Calculate the remainder when 8954 is divided by 1399.
560
Calculate the remainder when 175726 is divided by 1931.
5
What is the remainder when 701 is divided by 700?
1
What is the remainder when 349031 is divided by 2933?
4
Calculate the remainder when 570 is divided by 173.
51
What is the remainder when 1152 is divided by 50?
2
Calculate the remainder when 3032097 is divided by 9.
6
What is the remainder when 2541 is divided by 837?
30
Calculate the remainder when 1205 is divided by 9.
8
What is the remainder when 1611 is divided by 168?
99
Calculate the remainder when 14724 is divided by 24.
12
What is the remainder when 2996 is divided by 761?
713
What is the remainder when 1880 is divided by 795?
290
What is the remainder when 7642 is divided by 38?
4
What is the remainder when 189 is divided by 77?
35
Calculate the remainder when 567 is divided by 207.
153
What is the remainder when 894369 is divided by 45?
39
What is the remainder when 3069 is divided by 152?
29
Calculate the remainder when 30056 is divided by 938.
40
Calculate the remainder when 249491 is divided by 195.
86
Calculate the remainder when 6385 is divided by 490.
15
What is the remainder when 41490 is divided by 4?
2
Calculate the remainder when 3144 is divided by 126.
120
What is the remainder when 2806 is divided by 215?
11
Calculate the remainder when 971 is divided by 320.
11
Calculate the remainder when 479664 is divided by 22.
20
Calculate the remainder when 16923 is divided by 78.
75
Calculate the remainder when 1421 is divided by 13.
4
What is the remainder when 6845 is divided by 1650?
245
Calculate the remainder when 4117 is divided by 142.
141
What is the remainder when 2930 is divided by 969?
23
What is the remainder when 67486 is divided by 17?
13
What is the remainder when 23585